e 10) to base 13.
-19
Convert 71 (base 10) to base 15.
4b
Convert 23 (base 4) to base 9.
12
4 (base 6) to base 8
4
What is 11 (base 8) in base 4?
21
-5 (base 15) to base 10
-5
-15 (base 8) to base 15
-d
What is -1 (base 11) in base 2?
-1
-5a (base 12) to base 9
-77
Convert -1 (base 3) to base 13.
-1
What is -9 (base 10) in base 14?
-9
Convert -201 (base 4) to base 15.
-23
Convert -344 (base 5) to base 16.
-63
What is -22 (base 5) in base 16?
-c
Convert -42 (base 9) to base 13.
-2c
-45 (base 13) to base 8
-71
What is 3 (base 14) in base 16?
3
-1 (base 4) to base 3
-1
Convert a (base 13) to base 15.
a
Convert -9 (base 16) to base 15.
-9
What is -111 (base 2) in base 6?
-11
Convert 15 (base 12) to base 2.
10001
What is -1022 (base 3) in base 15?
-25
What is 152 (base 15) in base 16?
12e
What is -5 (base 12) in base 9?
-5
13 (base 13) to base 3
121
Convert -e (base 16) to base 7.
-20
What is -1 (base 12) in base 9?
-1
6 (base 10) to base 12
6
7 (base 13) to base 8
7
What is -5 (base 12) in base 9?
-5
Convert -3 (base 5) to base 6.
-3
-22 (base 6) to base 11
-13
Convert 1202 (base 3) to base 11.
43
Convert -5 (base 16) to base 10.
-5
Convert 71 (base 8) to base 11.
52
What is -b (base 16) in base 2?
-1011
Convert 2d (base 16) to base 5.
140
Convert -2a (base 16) to base 12.
-36
Convert -2202 (base 3) to base 12.
-62
-13 (base 12) to base 6
-23
-7 (base 16) to base 8
-7
Convert ab (base 12) to base 3.
11212
What is -5 (base 13) in base 16?
-5
Convert -1 (base 5) to base 15.
-1
What is -150 (base 12) in base 10?
-204
What is 4 (base 6) in base 8?
4
Convert -20 (base 8) to base 16.
-10
What is 1 (base 15) in base 4?
1
Convert 51 (base 10) to base 16.
33
What is 1 (base 11) in base 16?
1
Convert 50 (base 7) to base 9.
38
16 (base 12) to base 3
200
Convert -10 (base 2) to base 14.
-2
What is -2 (base 15) in base 8?
-2
Convert 1d (base 15) to base 11.
26
What is -42 (base 5) in base 3?
-211
Convert 142 (base 8) to base 7.
200
What is 2 (base 3) in base 12?
2
Convert 1 (base 6) to base 9.
1
-31 (base 5) to base 14
-12
What is -11 (base 10) in base 16?
-b
Convert 3 (base 13) to base 15.
3
What is -3 (base 10) in base 6?
-3
What is -36 (base 13) in base 14?
-33
Convert 45 (base 15) to base 5.
230
Convert -201 (base 5) to base 7.
-102
Convert 12 (base 5) to base 15.
7
What is -3d (base 16) in base 7?
-115
What is 76 (base 8) in base 12?
52
What is 1010 (base 2) in base 14?
a
-10c (base 14) to base 10
-208
What is 6b (base 14) in base 7?
164
Convert -4 (base 15) to base 2.
-100
Convert 3 (base 15) to base 8.
3
Convert -132 (base 15) to base 6.
-1132
What is -32 (base 10) in base 6?
-52
Convert -19 (base 15) to base 13.
-1b
What is 18 (base 9) in base 14?
13
What is -1 (base 12) in base 7?
-1
What is -91 (base 12) in base 5?
-414
Convert -2112 (base 3) to base 5.
-233
Convert -1a (base 13) to base 4.
-113
What is -1 (base 16) in base 8?
-1
-84 (base 12) to base 5
-400
Convert -1010101 (base 2) to base 10.
-85
What is -71 (base 10) in base 4?
-1013
-40 (base 9) to base 15
-26
What is -123 (base 6) in base 14?
-39
Convert 11121 (base 3) to base 14.
8c
What is 5 (base 16) in base 5?
10
-111 (base 11) to base 2
-10000101
What is 29 (base 16) in base 12?
35
What is -53 (base 13) in base 14?
-4c
1 (base 11) to base 12
1
Convert -110 (base 5) to base 13.
-24
8 (base 15) to base 9
8
What is 0 (base 5) in base 8?
0
-16 (base 12) to base 2
-10010
27 (base 8) to base 2
10111
What is -3 (base 12) in base 9?
-3
76 (base 12) to base 16
5a
Convert -222 (base 6) to base 16.
-56
50 (base 10) to base 9
55
What is 1 (base 3) in base 5?
1
What is -14 (base 5) in base 11?
-9
7 (base 8) to base 11
7
Convert 11123 (base 4) to base 13.
209
Convert 337 (base 10) to base 11.
287
-5 (base 12) to base 13
-5
What is 77 (base 15) in base 9?
134
Convert 62 (base 12) to base 10.
74
-a (base 15) to base 4
-22
What is b (base 14) in base 4?
23
What is -9 (base 13) in base 5?
-14
Convert -33 (base 11) to base 10.
-36
-3 (base 8) to base 7
-3
73 (base 12) to base 4
1113
What is -120 (base 3) in base 13?
-12
Convert -153 (base 8) to base 16.
-6b
Convert 1 (base 15) to base 5.
1
Convert 4 (base 6) to base 12.
4
Convert -9 (base 10) to base 14.
-9
What is -10022 (base 3) in base 14?
-65
What is -2 (base 12) in base 8?
-2
0 (base 9) to base 15
0
What is 103 (base 4) in base 8?
23
Convert 1010000 (base 2) to base 10.
80
Convert -251 (base 7) to base 15.
-8e
Convert -3 (base 5) to base 12.
-3
Convert 31 (base 4) to base 7.
16
0 (base 15) to base 2
0
Convert -10 (base 6) to base 13.
-6
Convert -20 (base 4) to base 3.
-22
15 (base 9) to base 8
16
-41 (base 16) to base 6
-145
What is -23 (base 4) in base 11?
-10
Convert 0 (base 4) to base 8.
0
-12 (base 9) to base 7
-14
Convert -1a6 (base 14) to base 12.
-246
Convert 1111 (base 2) to base 6.
23
Convert -315 (base 6) to base 9.
-142
What is -3 (base 6) in base 9?
-3
What is 120 (base 6) in base 9?
53
c (base 16) to base 14
c
26 (base 9) to base 16
18
Convert 3 (base 14) to base 12.
3
What is 14 (base 7) in base 16?
b
-10 (base 2) to base 12
-2
1e (base 15) to base 3
1002
What is 10 (base 5) in base 2?
101
What is 1 (base 12) in base 16?
1
What is -2 (base 9) in base 16?
-2
-22 (base 3) to base 16
-8
What is b (base 15) in base 3?
102
-10001 (base 2) to base 9
-18
-3 (base 7) to base 2
-11
Convert -12 (base 4) to base 6.
-10
102 (base 3) to base 12
b
Convert a0 (base 14) to base 12.
b8
Convert 10 (base 2) to base 11.
2
2034 (base 5) to base 4
10031
Convert -101 (base 3) to base 9.
-11
Convert -241 (base 8) to base 2.
-10100001
What is 502 (base 6) in base 9?
222
Convert -7 (base 11) to base 13.
-7
What is 4 (base 10) in base 7?
4
What is -4 (base 6) in base 16?
-4
Convert 10 (base 3) to base 8.
3
24 (base 5) to base 6
22
-6b (base 14) to base 12
-7b
What is 121 (base 5) in base 10?
36
31 (base 10) to base 2
11111
What is 13 (base 14) in base 2?
10001
What is 2c (base 14) in base 16?
28
14 (base 6) to base 4
22
-6 (base 13) to base 3
-20
Convert 2 (base 5) to base 14.
2
-1 (base 10) to base 9
-1
Convert a (base 12) to base 9.
11
-5 (base 16) to base 4
-11
-45 (base 15) to base 8
-101
-50 (base 6) to base 8
-36
What is 11 (base 2) in base 7?
3
Convert 425 (base 6) to base 2.
10100001
What is -1011000 (base 2) in base 9?
-107
63 (base 10) to base 8
77
-11 (base 4) to base 16
-5
What is -341 (base 10) in base 8?
-525
Convert 104 (base 7) to base 4.
311
Convert be (base 16) to base 8.
276
Convert 3 (base 12) to base 8.
3
4 (base 8) to base 14
4
What is 12 (base 4) in base 15?
6
What is -44 (base 7) in base 8?
-40
What is -1 (base 7) in base 10?
-1
-231 (base 4) to base 13
-36
What is -331 (base 6) in base 14?
-91
What is 7 (base 11) in base 8?
7
What is -13 (base 6) in base 11?
-9
5 (base 16) to base 15
5
Convert -6 (base 13) to base 16.
-6
Convert 32 (base 4) to base 9.
15
-1103 (base 6) to base 8
-377
1020 (base 4) to base 9
80
-92 (base 13) to base 2
-1110111
What is 6 (base 14) in base 11?
6
1 (base 5) to base 2
1
What is 1222 (base 5) in base 8?
273
Convert -5a (base 11) to base 8.
-101
Convert -212 (base 4) to base 8.
-46
Convert -3 (base 12) to base 2.
-11
1001 (base 4) to base 5
230
Convert 37 (base 11) to base 16.
28
Convert 0 (base 11) to base 9.
0
-10000 (base 2) to base 15
-11
Convert -11 (base 6) to base 5.
-12
Convert 2 (base 3) to base 16.
2
What is -2 (base 11) in base 6?
-2
Convert -36 (base 12) to base 6.
-110
What is 65 (base 13) in base 7?
146
Convert -14 (base 6) to base 8.
-12
-2201 (base 5) to base 6
-1221
Convert -2 (base 15) to base 3.
-2
Convert f (base 16) to base 5.
30
Convert -3 (base 6) to base 7.
-3
-2 (base 15) to base 3
-2
Convert 38 (base 11) to base 8.
51
Convert -132 (base 5) to base 3.
-1120
What is 63 (base 15) in base 8?
135
Convert 2 (base 15) to base 11.
2
Convert -1000 (base 2) to base 11.
-8
What is -2 (base 15) in base 4?
-2
Convert -de (base 16) to base 7.
-435
Convert -11010 (base 2) to base 13.
-20
-8 (base 10) to base 11
-8
Convert -3 (base 11) to base 10.
-3
What is -1 (base 14) in base 11?
-1
What is -10 (base 6) in base 2?
-110
-19 (base 10) to base 5
-34
What is -10111 (base 2) in base 4?
-113
Convert 16 (base 11) to base 3.
122
What is 1010101 (base 2) in base 11?
78
-100101111 (base 2) to base 11
-256
W